*t + 48. What are the prime factors of l?
2
Let s = -518 - -868. What are the prime factors of s?
2, 5, 7
What are the prime factors of ((-5)/(-4))/(4/592)?
5, 37
Let q = -252 - -515. What are the prime factors of q?
263
Let r be (-2)/(-8) - 12/(-16). Let t = r + -1. What are the prime factors of t*(-3)/(-9) - -3?
3
Let o(s) = 3*s - 1. Suppose -2*c - 6 = 4*h, 0 = h - 5*c - 3 - 23. List the prime factors of o(h).
2
Suppose y - 2*y = -208. List the prime factors of y.
2, 13
Let z be 25 + 0 - 3*-1. Suppose 5*w = -4*p + z, -2*p + 1 = -4*w + 13. Suppose w*k - 52 = -0*k. What are the prime factors of k?
13
Suppose 62 = 8*h - 34. What are the prime factors of h?
2, 3
Let x be 4/(-5)*(9 + 16). Let f = x - -36. What are the prime factors of f?
2
Suppose -a - 4*a = 2*o - 13, -2*o = -3*a - 5. Suppose -4*f + 5*g + 84 = 0, 2*f + 3*f + o*g = 146. What are the prime factors of f?
2, 13
Suppose 0*z - 2*p = 3*z - 119, 0 = -z - 2*p + 33. Let a = -26 + z. List the prime factors of a.
17
Let n(l) = l - 1. Let w be n(1). Let h(i) = -i**3 + i**2 - 1. Let t(y) = 3*y**3 - y**2 + 4. Let d(b) = 2*h(b) + t(b). List the prime factors of d(w).
2
Suppose w + 5*s + 9 = -27, -5*w + 3*s = 68. Let h be (-3 - -6)/(4/96). List the prime factors of (8/w)/((-2)/h).
2, 3
Suppose 4*m = 3*m + 29. What are the prime factors of m?
29
Suppose -3*w = w - 140. What are the prime factors of w?
5, 7
Suppose 0 = 3*v + 12, 4*k = 3*k + 4*v + 19. List the prime factors of k.
3
Suppose 2*j + 42 = -j. What are the prime factors of j*-2*4/16?
7
Let a(m) = m**2 + 1. Suppose -3*i + 29 = 4*p - 0*p, -p + 5*i = 10. Let v(b) = b**3 - 4*b**2 + 13. Let h(n) = p*a(n) + v(n). What are the prime factors of h(0)?
2, 3
Suppose 36 = 4*b - 0*j - j, 5*b - 3*j = 38. Let d = 16 - b. Suppose 0 = -r - l + 7, r + l - d*l - 7 = 0. List the prime factors of r.
7
Suppose -9 = -o - 24. List the prime factors of 30/(-4)*100/o.
2, 5
Let m = 3 + 2. Suppose 5*o = 4*t + 16, m*t - 4*o = -2*o - 20. Let d(b) = -2*b. List the prime factors of d(t).
2
What are the prime factors of -1 + 8 - (-12)/(-6)?
5
Suppose 3*a = -0*i + 3*i - 150, -4*a = -5*i + 247. Suppose -4*z = 3*s - 37, -2*s - 3*z = 3*s - i. What are the prime factors of s?
7
Let n = -1 + 5. Suppose 9 = n*q + a, 4*q - 5*a = 4 - 1. List the prime factors of q.
2
Let x(n) = -n. Let w be x(6). Let c(i) = i**3 + 5*i**2 - 6*i + 7. List the prime factors of c(w).
7
Suppose -4*v + 7 = -5. Suppose 0*h - v*h = -96. List the prime factors of h.
2
Let m = 14 - 6. Let u(l) = 5*l**2 + 32*l + 37. Let i(s) = -s**2 - 8*s - 9. Let r(b) = -9*i(b) - 2*u(b). What are the prime factors of r(m)?
7
Let g be 0/((-1 + -1)/1). Suppose -5*o - 4 + 24 = g. What are the prime factors of o?
2
Let o be 0 + 3 + -3 + 3. Suppose 3*a = -5*i + 87, -4*a + i + 21 = -o*a. What are the prime factors of a?
2, 3
Let k(c) be the third derivative of -c**6/120 + c**5/10 + c**4/24 + 7*c**3/6 + 3*c**2. List the prime factors of k(6).
13
Suppose 5 = -5*s - 4*t, 13 = s + t - 3*t. Let m be s/((-6)/(-4)) - 0. Suppose -5*w = f - 9, 5*f + m*w = 32 + 13. List the prime factors of f.
3
Let s be (3 + (-10)/(-4))*2. Suppose -s = 4*h - 39. What are the prime factors of h?
7
Let u = 16 - 12. Suppose 2*c - 5*r = -r + u, r = -5*c + 43. List the prime factors of c.
2
Let r = 8 + 10. What are the prime factors of r?
2, 3
Let r(h) = -21*h - 7. What are the prime factors of r(-3)?
2, 7
Let g(j) = j**3 - j. Let d(n) = -2*n**3 + n**2 + 2*n + 3. Let s(z) = d(z) + 3*g(z). List the prime factors of s(0).
3
Let k = 112 - 17. List the prime factors of k.
5, 19
Suppose 0 = 3*t - 2*w - 9, -t - 2*t + w + 9 = 0. What are the prime factors of (6/1)/t*28?
2, 7
Let w be ((-8*1)/2)/1. Let m(v) = -v + 5. List the prime factors of m(w).
3
Suppose 0 = 5*i - 2*f - 702, 2*i - f = -4*f + 296. What are the prime factors of i?
2, 71
Suppose -4*d + 4*v - 4 = 0, 3*v + 0*v - 9 = 0. Suppose -3*u = -d*u - 5. Suppose -5*b + 30 = u*z, 4*b - 38 = 3*z - 0*z. What are the prime factors of b?
2
Let x be 2 - 4 - (-31 + 0). Suppose -10 - x = -3*p. List the prime factors of p.
13
Let h(p) = -15*p + 6. What are the prime factors of h(-7)?
3, 37
Suppose l + 7*z = 4*z + 147, -2*l - 3*z = -297. What are the prime factors of l?
2, 3, 5
Let w be 28/7 + 3*2. Let t(n) = n**2 - 5*n - 13. What are the prime factors of t(w)?
37
Let w(g) = 21*g + 21. List the prime factors of w(2).
3, 7
Suppose -2*u + 5*b + 32 = 0, -5 = 5*b - 15. Let r(m) = m**3 + 5*m**2 - 6*m + 4. Let q be r(-6). Suppose -q*s + s = -u. What are the prime factors of s?
7
Suppose 3*d - 6*d - 336 = 0. What are the prime factors of 6/(-27) - d/18?
2, 3
Let k(n) = 7 - 3*n**2 + 13*n**2 - 8. Let c be k(1). What are the prime factors of 6*-3*(-2)/c?
2
Let x = -6 + 11. Suppose 0 = x*m + 3*o + 21, -o + 24 = -5*m - 3*o. Let q = m + 14. What are the prime factors of q?
2
Let v(a) = 2*a**2 + 2*a - 1. Let i be v(-3). Let b = 43 - i. Suppose j + 3*j = b. What are the prime factors of j?
2
Suppose -171 = 10*l - 11*l. List the prime factors of l.
3, 19
Suppose 6*d - 2*d - 4 = 0, 0 = -2*j - d + 57. Suppose -i = -4*v - j, -i + 28 = 3*v + v. Suppose -w - 5*g = -i, g + 2 + 2 = w. What are the prime factors of w?
2
Let b = -5 - -8. Suppose 5 = b*a + 2. Let s(v) = 15*v - 1. What are the prime factors of s(a)?
2, 7
Suppose -6 = 5*d - 4*y - 22, d - 20 = 5*y. Suppose -5*v + d*v + 100 = 0. Suppose -p - p = -v. List the prime factors of p.
2, 5
Let n(d) = -d**2 + 11*d + 7. What are the prime factors of n(9)?
5
Let d be (-6 - -11)*3*1. List the prime factors of (-8)/20 - (-666)/d.
2, 11
Let p(t) = 12*t**2 - t + 1. Suppose 0 = -5*m - 6 + 11. List the prime factors of p(m).
2, 3
Suppose -4*c + 2*c = -102. List the prime factors of c.
3, 17
Let c(q) = q**2 - 1. Let y be c(1). Suppose 2*r - s = -y*r + 17, 0 = 3*s - 3. What are the prime factors of r?
3
Let z = -66 - -204. List the prime factors of z.
2, 3, 23
Let g = 4 - -13. What are the prime factors of g?
17
Suppose 22 = 2*t - 46. Suppose 4*s - 22 = t. List the prime factors of s.
2, 7
Let y be (-26)/(-10) + (-4)/(-10). Suppose -2 = -y*n + n. List the prime factors of 3/6*10 + n.
2, 3
Suppose 0*m - 1 = m. Let y be -2*(18/(-4) + m). Suppose 4*r + 5*h = 44, r + 0 - y = -3*h. List the prime factors of r.
11
What are the prime factors of (-3)/(-30)*2 + (-79)/(-5)?
2
Let d(g) = g**2 + 7*g - 5. What are the prime factors of d(-8)?
3
Suppose 5*t + 0*t - 300 = 0. What are the prime factors of t?
2, 3, 5
Suppose -3*s - s = -32. What are the prime factors of s?
2
Let n be 2/(-6) + 1/3. Let m = -5 - -9. Suppose n = -3*a + 3*k + 15, 2*k - 5*k = -m*a + 22. List the prime factors of a.
7
Let p = 6 + 1. Let i(l) = l + 2. List the prime factors of i(p).
3
Suppose -4*g + 4*m + 26 = -2*g, 4*g + m = 7. What are the prime factors of g?
3
Suppose 11 = -a + 4*s - 2, -2*a + 4*s - 6 = 0. What are the prime factors of a?
7
Suppose 13*f - 12*f - 273 = 0. List the prime factors of f.
3, 7, 13
Suppose -5*f - 5 = -725. Let d = f + -103. What are the prime factors of d?
41
Let p = -15 - -17. Suppose -p*i + 14 + 22 = 0. List the prime factors of i.
2, 3
Suppose 0 = 3*v - 3*r - 3, 0 = -3*v - 0*r + 5*r - 3. Suppose 0 = v*p - 7*p. Suppose p = -4*l + k + 35 - 8, 0 = -2*k + 2. What are the prime factors of l?
7
Let u = 1 + 1. Let v(p) = 9*p**3 + 4*p - u*p - 2 - p**2 + 1. List the prime factors of v(1).
3
Let f(t) = t - 2. Let i be f(9). Let h be 2/i - 248/(-14). List the prime factors of (-1)/(-1 + h/21).
7
Let g = 84 + 3. List the prime factors of g.
3, 29
List the prime factors of ((-2)/((-12)/(-106)))/(1/(-9)).
3, 53
Let z(s) = 2*s - 9. Let a = -2 - -8. Let w be z(a). Suppose -4*o + 12 = -3*o + 3*g, w*g = 3. List the prime factors of o.
3
Suppose 5*h = 5*k + 7 - 77, -4*h - 12 = 0. Let i be (15/12)/(1/4). Suppose -k = -f - i. List the prime factors of f.
2, 3
Suppose -q + 16 = -3*c + 5*c, 4*c - 38 = -3*q. List the prime factors of q + (-3)/(-3) + 2.
3
What are the prime factors of (-2088)/27*-3 + 1 + 3?
2, 59
Let u = -2 - -3. Let k be u/3 + 10/6. Suppose -o + 0 + k = 0. List the prime factors of o.
2
Suppose 0 = 5*g - x - 18, 0 = -0*g + 2*g - 4*x - 18. Let b(t) = -5*t + 1. Let y be b(g). Let i = 25 + y. List the prime factors of i.
11
Let i = -47 - -67. Let q be 2*-1 + i*1. Suppose 3*s - q = -4*r + 10, s - 2*r - 16 = 0. What a